 digit of x(7)?
6
Let k(c) = 8*c + 2. Let l be k(7). Suppose l = -0*r + 2*r. What is the units digit of r?
9
Suppose 5*i + 3*l - l - 114 = 0, 5*i - 3*l - 129 = 0. What is the units digit of 19/4 + 6/i?
5
Let v(z) = 5*z + 4 - 1 - 6 - 2*z. What is the tens digit of v(12)?
3
Let b be ((-1 - 1)*1)/(-2). Suppose -2*i + 6 = -5*u - 8, -3*u = 4*i - 2. Let g = i + b. What is the units digit of g?
3
Let m(b) = 14*b**2 + 19*b - 3. What is the tens digit of m(-6)?
8
Let t(c) = -6*c + 9. Let o(w) = -w**3 + 10*w**2 - 10*w + 13. Let s be o(9). Let x(y) = -y + 2. Let i(g) = s*t(g) - 21*x(g). What is the units digit of i(-4)?
6
Let h be (-2)/(1/((-2)/4)). Suppose 13 = 4*i + h. Suppose 4*p + i*s = 45, -3*p - s = -42 + 12. What is the units digit of p?
9
Suppose 2*o + 714 + 10 = 2*c, 1464 = 4*c + 4*o. What is the hundreds digit of c?
3
Let s(z) = 2*z**2 + 3*z + 1. Let t be s(-2). Suppose -a - 4*q + 0 = 8, -15 = t*a + 3*q. What is the units digit of (-18)/a*8/6?
6
Let n = -21 - -88. What is the tens digit of n?
6
Let p be (-2 + 8)*8/6. Let a(j) = j + 3. What is the tens digit of a(p)?
1
Let y(a) = -a. Let s(b) = b**2 + 3*b + 7. Let q(g) = s(g) - 6*y(g). What is the units digit of q(-11)?
9
Let n be (-3)/(2*3/(-6)). Suppose -h = -4*y + n*h + 36, -3*h = 2*y + 7. Suppose 0 = y*t - t - 30. What is the units digit of t?
0
Let p(m) = -m**2 - 7*m + 5. Suppose -2*q - q = 15. What is the units digit of p(q)?
5
Suppose 3*f - 4*s = -9*s + 263, -f + 4*s = -99. What is the tens digit of f?
9
Let h(o) = o**2 - 2*o. Let z be h(2). Let j(l) = 7 - 3*l**2 + 3*l**2 + 2*l**3 - 3*l**3. What is the units digit of j(z)?
7
Let g = 51 - -87. What is the units digit of g?
8
Let p(i) = -i - 3. Let v be p(-3). What is the units digit of v + (-5)/(-1) + -1?
4
Suppose -38 = -t - 3*s + 34, -4*t = 4*s - 256. Suppose t = 3*f + 2*f. What is the units digit of f?
2
Let m(z) = -3*z**2 + 6 - z**3 + 3*z**2 + 2*z**2 + 5*z - 6*z**2. Let i be m(-5). What is the units digit of -2*3/i*-14?
4
Let b be (3/6)/(1/14). Suppose -o - b - 10 = -5*u, -2*o - 3*u = -5. What is the units digit of 9 + -1 + 0/o?
8
Let m = 18 + -13. Suppose 5*x + 23 = 4*y, 4*x + m = -2*y - 3. What is the units digit of y?
2
Let z = -363 - -656. What is the hundreds digit of z?
2
Let l(n) = -n**2 - 3. Let q be l(0). Let o be (-2)/(q/(-3)) - -4. Suppose -g = o*g - 24. What is the units digit of g?
8
Let i be 2*14 - 6/(-6). Suppose 0 = 2*a + 1 - i. What is the tens digit of a?
1
Let w(g) = -4*g + 6. Let j = -21 - -15. Let b be w(j). What is the units digit of 5*(-2)/(b/(-33))?
1
Let s(i) = i - 3. Let g be s(6). Suppose 0 = -0*a + g*a. Suppose -2*b - 2*b + 8 = a. What is the units digit of b?
2
Suppose 2*b + 5*s = 171, -b - 4*b + 405 = 5*s. What is the units digit of b?
8
Let r = -64 + 92. Let p = 53 - r. Suppose 0 = y - 3*o - 5, 0*o = 5*y - 4*o - p. What is the units digit of y?
5
Suppose -4 = 4*n + 3*x, -5*n + 5 = x - 1. Suppose n*u + 11 = 1. Let s = u + 14. What is the units digit of s?
9
Suppose a = 13 + 8. Let b = 6 + a. What is the tens digit of b?
2
Suppose 3*z - 137 = 40. What is the units digit of z?
9
Let b(p) = -10 - 4*p + 2*p + 3. Let h be b(-5). Suppose 0 = -4*k + 2*c + 2*c + 16, -4*k = -h*c - 18. What is the units digit of k?
6
Let v = 5 + -2. Suppose -5*t + 49 = -3*p, 4*t - v*p + 9 = 50. What is the units digit of t?
8
Let k = 6 - 4. What is the units digit of 1 + (11 - (-2 + k))?
2
Let v be (-1 - -1)/3 + -1. What is the tens digit of 2*v/(-2) - -12?
1
Suppose 0 = -12*i - 82 + 466. What is the tens digit of i?
3
Let o = 15 - 9. Suppose 2*f - 20 + o = 0. What is the units digit of f?
7
Let d = -21 - -26. Suppose g = -d*t + 22, -3*t - 5 = -2*t. What is the units digit of g?
7
Let s(k) = k**2 - 8*k - 2. What is the tens digit of s(10)?
1
Suppose 3*a - 132 = -2*i, 3*a - 42 = 2*i + 90. What is the units digit of a?
4
Suppose 19*q - 588 = 15*q. What is the units digit of q?
7
Suppose -2*c = -c - 5*k - 218, c + 2*k = 253. What is the tens digit of c?
4
Let z be -2 + 4/(-3)*-3. Suppose -z*j = -6*j + 36. What is the units digit of j?
9
Let l(r) = 2*r**3 - 3*r**2 + r + 1. Let f be l(2). What is the units digit of (1 - 3/(-1))*f?
8
Suppose -3*a + 2*v - 10 + 78 = 0, -2*a - 3*v + 67 = 0. What is the tens digit of a?
2
What is the hundreds digit of (-1*1)/(2/(-244) - 0)?
1
Suppose 2*n - n - 3 = 0. Let l(k) = -k**3 + 4*k**2 + 2*k - 5. Let t be l(4). Suppose n*s = -4*j + 10, 3 = -s + t*j + 15. What is the units digit of s?
6
Let p be (-6)/(-4)*(0 - -6). Suppose -6 = -3*s + s, 5*s = 3*r - p. What is the units digit of r?
8
Let q(m) = -m**2 + 5*m + 8. Let k be q(6). Let h = 2 + k. What is the units digit of h?
4
Suppose 6*n - 4*n - 290 = 0. What is the units digit of n?
5
Let r be 14 + -3 + 2 + 2. Suppose 4*l - r = -l. Suppose -l*u = 1 - 4. What is the units digit of u?
1
Let r = 9 + -5. Let u = 5 - r. Let g = u - -2. What is the units digit of g?
3
Suppose 4*a = 4*u - 114 - 42, -4*u + 138 = 5*a. What is the units digit of u?
7
Let l = -40 - -99. Let k = l + -35. What is the tens digit of k?
2
Let d(j) = -j**3 - 5*j**2 + 5*j - 1. Let q be (1 - 1)/2 - 6. What is the units digit of d(q)?
5
Let u be -1 + 0 + 0 + 2. What is the units digit of 3 + (-6)/(-2) - u?
5
Let o be (8/20)/(2/20). What is the tens digit of 1/o + 252/16?
1
Let o = -11 + 16. Suppose 3*r - 14 = 1. Suppose -19 = o*w + 3*v - 59, 2*v = -r*w + 40. What is the units digit of w?
8
Suppose -4*m - 10 + 66 = 0. What is the units digit of m?
4
Let l be 56/10 - (-4)/10. Let j(p) = p**3 - 7*p**2 + 6*p. Let y be j(l). Suppose 2*b - 5*b + 12 = y. What is the units digit of b?
4
Suppose -22 = 5*m + 4*d - 1, -d = 4. Let g = m - -6. Let w(z) = 3*z - 6. What is the units digit of w(g)?
9
Suppose 0*h = 4*h - 20, 5*t - 5*h = 0. Suppose f - t*f + 8 = 0. Let s = 4 - f. What is the units digit of s?
2
Suppose 94 = 4*r + 2*h, -3*h = -3*r + r + 35. Suppose 0 = 2*v - 8 - r. What is the tens digit of v?
1
Suppose -g = 2*z - 17, -z - g + 31 = 4*g. Suppose -z*j = -4*j - 14. What is the units digit of j?
7
Suppose -j = 2*s - 0*j + 23, 2*s + 14 = 2*j. Let v be 2/(-3) - (-4)/6. What is the tens digit of -1*(v - 2) - s?
1
Let a(j) = j**2 - 5*j + 4. Let p be a(5). Let x = -7 - -9. Suppose p*v + 3*y - 17 = 0, -2*y + 3*y - 9 = -x*v. What is the units digit of v?
5
Let w be (8/(-12))/((-2)/12). Suppose 9 = 3*p, 5*j = -w*p - 1 + 13. Suppose j = 4*n - 2 - 6. What is the units digit of n?
2
Let x be 2 + -4 - (2 + -9). Suppose -x + 25 = 5*v. Suppose j + 40 = v*u, -j = -2*u + 8 + 14. What is the units digit of u?
9
What is the units digit of 3 - 0 - (-16)/((-12)/(-3))?
7
Let o(c) = -214*c**3 + c**2 + 4*c + 2. What is the units digit of o(-1)?
3
Suppose 13*j = 10*j + 129. What is the units digit of j?
3
Suppose -2*g + 3*w + 43 = 0, -5*g + 6*g - 4 = 5*w. What is the units digit of g?
9
Let s = -18 + 21. What is the units digit of 8*(6/(-3) + s)?
8
Let f be (-10)/4*(-42)/35. Suppose 0 = f*u + 4*r - 16, -4*r + 9 = 2*u - r. What is the tens digit of u?
1
Suppose 4*k = 3*k. Let y be k + (-4)/(-1) + -3. Suppose -4*a + 3 = -y. What is the units digit of a?
1
Let h(q) = -15*q**3 - q**2 - 3*q - 6. What is the hundreds digit of h(-2)?
1
Suppose 0 = 2*u - u - 5*h - 28, -2*u = 2*h - 8. Let y = u + -6. Suppose -2*s = 4*z, -y*z + 3 = s - z. What is the units digit of s?
6
Let b = 47 - 13. What is the tens digit of b?
3
Suppose -4*j + 663 = 5*z, -2*j + 3*z = -3*j + 164. What is the units digit of j?
7
What is the tens digit of (42/(-12))/((-2)/36)?
6
Suppose -60 = -0*q - 2*q. Suppose 5*d + 0*d = 5*n - q, n = -3*d - 6. What is the units digit of n?
3
Let s(u) = u**2 + 4*u + 1. Let t be s(-2). Let j be t/(1*3/(-15)). Let n = 24 - j. What is the units digit of n?
9
Suppose -21 = 3*i - 4*l, 0 = 3*l - 10 + 1. What is the units digit of 11 - (i + 6) - 3?
5
Let w be 0 + (-48)/(-3) - 1. Suppose 0*l + w = 5*l. Suppose -3*b - 9 = -l*k, 5*k - 4*b - 43 = -6*b. What is the units digit of k?
7
Let g be 538/9 - (-6)/27. Suppose -6*v + g = -v. What is the tens digit of v?
1
Let w(k) = k**2 - k - 4. Suppose -b - 10 = -5. What is the units digit of w(b)?
6
Let y(w) = -3*w - 2*w + w**2 + 5 + 4*w. Let o = 2 + -2. What is the units digit of y(o)?
5
Let b = -5 - -7. What is the units digit of 1 + b*(-1 - -6)?
1
Let l = -8 + 16. Suppose 35 = l*i - 3*i.